{"id":1006,"date":"2020-04-17T22:03:40","date_gmt":"2020-04-17T20:03:40","guid":{"rendered":"http:\/\/www.poeppe-online.de\/?post_type=product&#038;p=1006"},"modified":"2025-03-12T11:05:36","modified_gmt":"2025-03-12T10:05:36","slug":"oktaedervierling","status":"publish","type":"product","link":"http:\/\/www.poeppe-online.de\/?product=oktaedervierling","title":{"rendered":"Oktaedervierling"},"content":{"rendered":"","protected":false},"excerpt":{"rendered":"<p>Es gibt einen interessanten K\u00f6rper, der aus vier W\u00fcrfeln in ziemlich symmetrischer Weise zusammengesetzt ist (meine <a href=\"http:\/\/www.poeppe-online.de\/?product=wuerfelvierling\">Nummer 25, der W\u00fcrfelvierling<\/a>). Und da das Oktaeder dual zum W\u00fcrfel ist, mu\u00df es etwas Entsprechendes auch mit vier Oktaedern geben. Seine herbe Sch\u00f6nheit erschlie\u00dft sich erst auf den zweiten Blick.<\/p>\n<p>Vierfarbig, 8 Blatt.<\/p>\n","protected":false},"featured_media":1008,"comment_status":"closed","ping_status":"closed","template":"","meta":[],"_links":{"self":[{"href":"http:\/\/www.poeppe-online.de\/index.php?rest_route=\/wp\/v2\/product\/1006"}],"collection":[{"href":"http:\/\/www.poeppe-online.de\/index.php?rest_route=\/wp\/v2\/product"}],"about":[{"href":"http:\/\/www.poeppe-online.de\/index.php?rest_route=\/wp\/v2\/types\/product"}],"replies":[{"embeddable":true,"href":"http:\/\/www.poeppe-online.de\/index.php?rest_route=%2Fwp%2Fv2%2Fcomments&post=1006"}],"wp:featuredmedia":[{"embeddable":true,"href":"http:\/\/www.poeppe-online.de\/index.php?rest_route=\/wp\/v2\/media\/1008"}],"wp:attachment":[{"href":"http:\/\/www.poeppe-online.de\/index.php?rest_route=%2Fwp%2Fv2%2Fmedia&parent=1006"}],"curies":[{"name":"wp","href":"https:\/\/api.w.org\/{rel}","templated":true}]}}