{"id":117,"date":"2015-02-14T14:14:22","date_gmt":"2015-02-14T13:14:22","guid":{"rendered":"http:\/\/localhost\/wordpress\/?post_type=product&#038;p=117"},"modified":"2015-02-21T00:10:31","modified_gmt":"2015-02-20T23:10:31","slug":"fuenfecksvierundzwanzigflaechner","status":"publish","type":"product","link":"http:\/\/www.poeppe-online.de\/?product=fuenfecksvierundzwanzigflaechner","title":{"rendered":"F\u00fcnfecksvierundzwanzigfl\u00e4chner"},"content":{"rendered":"","protected":false},"excerpt":{"rendered":"<p>Der K\u00f6rper besteht aus 24 nicht regelm\u00e4\u00dfigen, aber symmetrischen F\u00fcnfecken, die sich zu sechs Vierergruppen ordnen. Die Gruppen haben untereinander dieselbe Beziehung wie die Seitenfl\u00e4chen eines W\u00fcrfels. Ein Knotenmuster zieht sich \u00fcber alle Fl\u00e4chen des K\u00f6rpers.<br \/>\n6 Blatt.<\/p>\n","protected":false},"featured_media":286,"comment_status":"closed","ping_status":"closed","template":"","meta":[],"_links":{"self":[{"href":"http:\/\/www.poeppe-online.de\/index.php?rest_route=\/wp\/v2\/product\/117"}],"collection":[{"href":"http:\/\/www.poeppe-online.de\/index.php?rest_route=\/wp\/v2\/product"}],"about":[{"href":"http:\/\/www.poeppe-online.de\/index.php?rest_route=\/wp\/v2\/types\/product"}],"replies":[{"embeddable":true,"href":"http:\/\/www.poeppe-online.de\/index.php?rest_route=%2Fwp%2Fv2%2Fcomments&post=117"}],"wp:featuredmedia":[{"embeddable":true,"href":"http:\/\/www.poeppe-online.de\/index.php?rest_route=\/wp\/v2\/media\/286"}],"wp:attachment":[{"href":"http:\/\/www.poeppe-online.de\/index.php?rest_route=%2Fwp%2Fv2%2Fmedia&parent=117"}],"curies":[{"name":"wp","href":"https:\/\/api.w.org\/{rel}","templated":true}]}}