{"id":143,"date":"2015-02-14T15:00:52","date_gmt":"2015-02-14T14:00:52","guid":{"rendered":"http:\/\/localhost\/wordpress\/?post_type=product&#038;p=143"},"modified":"2025-03-12T12:22:33","modified_gmt":"2025-03-12T11:22:33","slug":"wuerfelfuenfling","status":"publish","type":"product","link":"http:\/\/www.poeppe-online.de\/?product=wuerfelfuenfling","title":{"rendered":"W\u00fcrfelf\u00fcnfling"},"content":{"rendered":"","protected":false},"excerpt":{"rendered":"<p>F\u00fcnf W\u00fcrfel in einem Dodekaeder. Mein Prachtst\u00fcck; aber: Nehmen Sie sich Zeit!<br \/>\nF\u00fcnffarbig, 20 Blatt.<\/p>\n","protected":false},"featured_media":374,"comment_status":"closed","ping_status":"closed","template":"","meta":[],"_links":{"self":[{"href":"http:\/\/www.poeppe-online.de\/index.php?rest_route=\/wp\/v2\/product\/143"}],"collection":[{"href":"http:\/\/www.poeppe-online.de\/index.php?rest_route=\/wp\/v2\/product"}],"about":[{"href":"http:\/\/www.poeppe-online.de\/index.php?rest_route=\/wp\/v2\/types\/product"}],"replies":[{"embeddable":true,"href":"http:\/\/www.poeppe-online.de\/index.php?rest_route=%2Fwp%2Fv2%2Fcomments&post=143"}],"wp:featuredmedia":[{"embeddable":true,"href":"http:\/\/www.poeppe-online.de\/index.php?rest_route=\/wp\/v2\/media\/374"}],"wp:attachment":[{"href":"http:\/\/www.poeppe-online.de\/index.php?rest_route=%2Fwp%2Fv2%2Fmedia&parent=143"}],"curies":[{"name":"wp","href":"https:\/\/api.w.org\/{rel}","templated":true}]}}