{"id":155,"date":"2015-02-14T15:10:58","date_gmt":"2015-02-14T14:10:58","guid":{"rendered":"http:\/\/localhost\/wordpress\/?post_type=product&#038;p=155"},"modified":"2025-03-12T11:33:12","modified_gmt":"2025-03-12T10:33:12","slug":"aufklappbares-oktaeder","status":"publish","type":"product","link":"http:\/\/www.poeppe-online.de\/?product=aufklappbares-oktaeder","title":{"rendered":"Aufklappbares Oktaeder"},"content":{"rendered":"","protected":false},"excerpt":{"rendered":"<p>Dieser K\u00f6rper diente unter dem Namen \u201eHeureka-Polyeder\u201c als Wahrzeichen der Forschungsausstellung \u201eHeureka\u201c in Z\u00fcrich 1991. Ein Oktaeder entfaltet sich allm\u00e4hlich zu einem W\u00fcrfel mit abgeschnittenen Ecken; durch Fortbewegung in gleicher Richtung faltet sich der K\u00f6rper wieder zu einem Oktaeder zusammen.<br \/>\nIn der aktuellen Version ist der K\u00f6rper zweifarbig (au\u00dfen rot, innen blau), damit man au\u00dfen und innen besser unterscheiden kann, und aus extrastarkem Karton, damit die beweglichen Laschen es l\u00e4nger durchhalten. Vor allem aber: Sie k\u00f6nnen das bewegliche Oktaeder \u2013 in beweglicher Form \u2013 periodisch in den Raum fortsetzen! Nicht unendlich oft, aber 2 mal 2 mal 2 Exemplare sind machbar. Dann k\u00f6nnen Sie beobachten, wie die roten Oktaeder sich \u00f6ffnen und zugleich die blauen sich schlie\u00dfen, und umgekehrt. F\u00fcr dieses Achtfach-Oktaeder bestellen Sie einfach 8 St\u00fcck. Die zus\u00e4tzlichen Klebelaschen sind in den Bastelb\u00f6gen enthalten.<br \/>\n4 Blatt.<\/p>\n","protected":false},"featured_media":725,"comment_status":"closed","ping_status":"closed","template":"","meta":[],"_links":{"self":[{"href":"http:\/\/www.poeppe-online.de\/index.php?rest_route=\/wp\/v2\/product\/155"}],"collection":[{"href":"http:\/\/www.poeppe-online.de\/index.php?rest_route=\/wp\/v2\/product"}],"about":[{"href":"http:\/\/www.poeppe-online.de\/index.php?rest_route=\/wp\/v2\/types\/product"}],"replies":[{"embeddable":true,"href":"http:\/\/www.poeppe-online.de\/index.php?rest_route=%2Fwp%2Fv2%2Fcomments&post=155"}],"wp:featuredmedia":[{"embeddable":true,"href":"http:\/\/www.poeppe-online.de\/index.php?rest_route=\/wp\/v2\/media\/725"}],"wp:attachment":[{"href":"http:\/\/www.poeppe-online.de\/index.php?rest_route=%2Fwp%2Fv2%2Fmedia&parent=155"}],"curies":[{"name":"wp","href":"https:\/\/api.w.org\/{rel}","templated":true}]}}