{"id":512,"date":"2015-02-21T00:57:37","date_gmt":"2015-02-20T23:57:37","guid":{"rendered":"http:\/\/www.poeppe-online.de\/?post_type=product&#038;p=512"},"modified":"2015-05-30T17:31:40","modified_gmt":"2015-05-30T15:31:40","slug":"die-archimedischen-koerper","status":"publish","type":"product","link":"http:\/\/www.poeppe-online.de\/?product=die-archimedischen-koerper","title":{"rendered":"Die archimedischen K\u00f6rper"},"content":{"rendered":"","protected":false},"excerpt":{"rendered":"<p>Sie sind fast so regelm\u00e4\u00dfig wie die ber\u00fchmten platonischen K\u00f6rper: die archimedischen K\u00f6rper. Auch sie bestehen aus lauter regelm\u00e4\u00dfigen Vielecken, und an allen Ecken liegt das gleiche Sortiment an Vielecken an. Nur m\u00fcssen die Vielecke eines K\u00f6rpers nicht mehr alle gleich sein. Die derart gelockerten Bedingungen werden nicht nur von den f\u00fcnf platonischen K\u00f6rpern erf\u00fcllt, sondern auch von den dreizehn archimedischen.<\/p>\n<p>Die archimedischen K\u00f6rper haben miteinander und mit den platonischen K\u00f6rpern reichhaltige Familienbeziehungen: Jeden archimedischen K\u00f6rper kann man sich dadurch entstanden denken, da\u00df einem platonischen K\u00f6rper in symmetrischer Weise Ecken oder Kanten, jeweils mit etwas Zubeh\u00f6r, abgeschnitten werden. Manche archimedischen K\u00f6rper haben sogar zwei Eltern, das hei\u00dft, man kann ein und denselben archimedischen K\u00f6rper aus zwei platonischen herleiten. In dem vorliegenden Bausatz haben nicht nur alle K\u00f6rper die gleiche Kantenl\u00e4nge, sie sind auch so eingef\u00e4rbt, da\u00df die Familienverh\u00e4ltnisse klar erkennbar sind. Und der Vollst\u00e4ndigkeit halber sind die platonischen K\u00f6rper in den richtigen Farben und Gr\u00f6\u00dfen mit dabei.<\/p>\n<p>45 Blatt mit Anleitungsblatt in einer Mappe.<\/p>\n","protected":false},"featured_media":279,"comment_status":"closed","ping_status":"closed","template":"","meta":[],"_links":{"self":[{"href":"http:\/\/www.poeppe-online.de\/index.php?rest_route=\/wp\/v2\/product\/512"}],"collection":[{"href":"http:\/\/www.poeppe-online.de\/index.php?rest_route=\/wp\/v2\/product"}],"about":[{"href":"http:\/\/www.poeppe-online.de\/index.php?rest_route=\/wp\/v2\/types\/product"}],"replies":[{"embeddable":true,"href":"http:\/\/www.poeppe-online.de\/index.php?rest_route=%2Fwp%2Fv2%2Fcomments&post=512"}],"wp:featuredmedia":[{"embeddable":true,"href":"http:\/\/www.poeppe-online.de\/index.php?rest_route=\/wp\/v2\/media\/279"}],"wp:attachment":[{"href":"http:\/\/www.poeppe-online.de\/index.php?rest_route=%2Fwp%2Fv2%2Fmedia&parent=512"}],"curies":[{"name":"wp","href":"https:\/\/api.w.org\/{rel}","templated":true}]}}