{"id":670,"date":"2017-02-18T22:24:26","date_gmt":"2017-02-18T21:24:26","guid":{"rendered":"http:\/\/www.poeppe-online.de\/?post_type=product&#038;p=670"},"modified":"2025-03-12T11:11:52","modified_gmt":"2025-03-12T10:11:52","slug":"das-dreissigfache-ikosaeder","status":"publish","type":"product","link":"http:\/\/www.poeppe-online.de\/?product=das-dreissigfache-ikosaeder","title":{"rendered":"Das drei\u00dfigfache Ikosaeder"},"content":{"rendered":"","protected":false},"excerpt":{"rendered":"<p>Man ersetze ein gro\u00dfes Ikosaeder durch 30 kleine, die man in die Kantenmittelpunkte des gro\u00dfen Ikosaeders setzt. Dabei bemi\u00dft man die Gr\u00f6\u00dfe der Kleinen so, da\u00df sie gerade aneinandersto\u00dfen, ohne sich gegenseitig zu durchdringen. Das w\u00e4re theoretisch ein Rezept zur Erzeugung eines Fraktals: Man ersetze nach derselben Vorschrift jedes der kleinen Ikosaeder durch 30 ganz kleine, und so weiter. Aber das w\u00e4ren bereits in der zweiten Stufe 900 St\u00fcck \u2013 kaum vorstellbar, da\u00df jemand das zu basteln bereit w\u00e4re. (Falls doch: Ich liefere gerne das Material \u2026) Bei der Farbgebung \u2013 mit braunem Stamm, gr\u00fcnen Bl\u00e4ttern und roten bis rosa Bl\u00fctenbl\u00e4ttern \u2013 habe ich mich von einem Rosenstrau\u00df inspirieren lassen.<\/p>\n","protected":false},"featured_media":669,"comment_status":"closed","ping_status":"closed","template":"","meta":[],"_links":{"self":[{"href":"http:\/\/www.poeppe-online.de\/index.php?rest_route=\/wp\/v2\/product\/670"}],"collection":[{"href":"http:\/\/www.poeppe-online.de\/index.php?rest_route=\/wp\/v2\/product"}],"about":[{"href":"http:\/\/www.poeppe-online.de\/index.php?rest_route=\/wp\/v2\/types\/product"}],"replies":[{"embeddable":true,"href":"http:\/\/www.poeppe-online.de\/index.php?rest_route=%2Fwp%2Fv2%2Fcomments&post=670"}],"wp:featuredmedia":[{"embeddable":true,"href":"http:\/\/www.poeppe-online.de\/index.php?rest_route=\/wp\/v2\/media\/669"}],"wp:attachment":[{"href":"http:\/\/www.poeppe-online.de\/index.php?rest_route=%2Fwp%2Fv2%2Fmedia&parent=670"}],"curies":[{"name":"wp","href":"https:\/\/api.w.org\/{rel}","templated":true}]}}