{"id":745,"date":"2017-11-01T17:21:15","date_gmt":"2017-11-01T16:21:15","guid":{"rendered":"http:\/\/www.poeppe-online.de\/?post_type=product&#038;p=745"},"modified":"2025-03-12T11:09:55","modified_gmt":"2025-03-12T10:09:55","slug":"wuerfelgestruepp","status":"publish","type":"product","link":"http:\/\/www.poeppe-online.de\/?product=wuerfelgestruepp","title":{"rendered":"W\u00fcrfelgestr\u00fcpp"},"content":{"rendered":"<p>Irgendwie sa\u00dfen diese sechs quadratischen Rahmen fr\u00fcher mal auf den Fl\u00e4chen eines W\u00fcrfels. Aber nun sind sie auf die merkw\u00fcrdigste Weise nach innen geschoben und dabei so verdreht, dass sie sich nicht im Wege stehen. Unterwegs haben sie sich durchdrungen, aber das ist jetzt vorbei. Ein seltsames Verwirrspiel.<\/p>\n<p>6 Blatt.<\/p>\n","protected":false},"excerpt":{"rendered":"<p>Irgendwie sa\u00dfen diese sechs quadratischen Rahmen fr\u00fcher mal auf den Fl\u00e4chen eines W\u00fcrfels. Aber nun sind sie auf die merkw\u00fcrdigste Weise nach innen geschoben und dabei so verdreht, dass sie sich nicht im Wege stehen. Unterwegs haben sie sich durchdrungen, aber das ist jetzt vorbei. Ein seltsames Verwirrspiel. 6 Blatt.<\/p>\n","protected":false},"featured_media":746,"comment_status":"closed","ping_status":"closed","template":"","meta":[],"_links":{"self":[{"href":"http:\/\/www.poeppe-online.de\/index.php?rest_route=\/wp\/v2\/product\/745"}],"collection":[{"href":"http:\/\/www.poeppe-online.de\/index.php?rest_route=\/wp\/v2\/product"}],"about":[{"href":"http:\/\/www.poeppe-online.de\/index.php?rest_route=\/wp\/v2\/types\/product"}],"replies":[{"embeddable":true,"href":"http:\/\/www.poeppe-online.de\/index.php?rest_route=%2Fwp%2Fv2%2Fcomments&post=745"}],"wp:featuredmedia":[{"embeddable":true,"href":"http:\/\/www.poeppe-online.de\/index.php?rest_route=\/wp\/v2\/media\/746"}],"wp:attachment":[{"href":"http:\/\/www.poeppe-online.de\/index.php?rest_route=%2Fwp%2Fv2%2Fmedia&parent=745"}],"curies":[{"name":"wp","href":"https:\/\/api.w.org\/{rel}","templated":true}]}}